e the remainder when 1/r*2 - -1 is divided by 2.
1
Suppose -9*t + 30 = -7*t. What is the remainder when t is divided by 4?
3
What is the remainder when 4/(-22) + 666/33 is divided by 11?
9
Let n(f) = f**2 - 9*f + 11. Let m be n(9). Suppose -j + 34 = m. What is the remainder when j is divided by 13?
10
Let q(x) = 4*x**2 - 2*x + 4. Let j be (-24)/2*8/(-8). What is the remainder when q(3) is divided by ((-4)/j)/(1/(-27))?
7
Calculate the remainder when 5/(-20) - (-346)/8 is divided by 15.
13
What is the remainder when 148 + 0 + -2 + 3 is divided by 30?
29
Let f(a) = 4*a**2 - a. What is the remainder when 11 is divided by f(1)?
2
Suppose -4*x - x = -50. Suppose 2*s - r = -3*s - 50, s - 4*r = -x. What is the remainder when 14 is divided by (1/(-2))/(1/s)?
4
Let p be ((-2)/(-6)*0)/(-3). Suppose p = r + 2*r - 222. Calculate the remainder when r is divided by 19.
17
Let q(o) = -o**3 - 2*o**2 - 2*o. Calculate the remainder when q(-2) is divided by 2.
0
Let g = 8 + 39. Let t(a) = -4*a - 4. What is the remainder when g is divided by t(-5)?
15
Suppose 0 = f - 2 - 31. Let n = -18 + f. Calculate the remainder when n is divided by 8.
7
Suppose -4*d + 33 = 3*h, 0*h - 12 = -d + 3*h. What is the remainder when 34 is divided by d?
7
Let p = 28 + 0. Suppose 4*u + 10 = 5*u. What is the remainder when p is divided by u?
8
Suppose k - 4 = -k. Let a = -24 - -9. What is the remainder when ((-2)/3)/(2/a) is divided by k?
1
Let p(l) = -6*l + 14. Let k(x) be the third derivative of x**3/6 + 4*x**2. Let n(i) = -12*k(i) + p(i). What is the remainder when n(-6) is divided by 20?
18
Suppose -11 = -k - 4*l, 3*l - l = -2*k + 28. Let g = 55 - k. Suppose 3*c = 2*n - 27 + 5, 4*n - 4*c - 48 = 0. What is the remainder when g is divided by n?
12
Let v = 1 - -1. Suppose 0 = 6*r - v*r. Suppose r = 4*q + 2*j - 210, -5*q + 238 = -j - 28. Calculate the remainder when q is divided by 18.
17
Suppose 2*m - 10 = 36. Let i = m + 50. Let z = -47 + 72. Calculate the remainder when i is divided by z.
23
Let n = 99 - 29. Suppose -3*s - 2*s = -3*k - 76, 0 = -5*s + 5*k + n. Calculate the remainder when 31 is divided by s.
14
Let p be (-9)/6*4/(-3). Suppose -p*h = -0*h - 4. Suppose 7*y = h*y + 60. Calculate the remainder when 34 is divided by y.
10
What is the remainder when ((-1480)/(-12))/5*3 is divided by 15?
14
Suppose -6*m + 110 = -m. Let n = -1 - -5. Suppose -2*x + 164 = n*q, 5*q + x = -2*x + 204. Calculate the remainder when q is divided by m.
20
Let k(o) = -o - 3. Let f be k(-5). Let d be 2 + -2 - (-1 - f). Suppose 2*b = d + 1. What is the remainder when 3 is divided by b?
1
Suppose 29 = 3*k + x, 3*k - 41 = -3*x - 14. Suppose 0 = 2*d + 3*g - 93, -4*d + 3*g + 13 = -128. Calculate the remainder when d is divided by k.
9
Suppose 761 = 10*n - 99. What is the remainder when n is divided by 8?
6
Let u be 22/(-6) - (-4)/6. Let q be 2 - u*(-6)/9. Suppose q = 5*z - 2 - 13. Calculate the remainder when z is divided by 2.
1
Let g(j) = j**2 + 5*j - 2. Let s be g(-6). Suppose -i - i = 4*y - 44, -4*i + y + 61 = 0. Calculate the remainder when 182/6 + s/6 is divided by i.
15
Let i = -9 + 6. Let b(h) = -h**3 - 2*h**2 - 5*h - 2. What is the remainder when 41 is divided by b(i)?
19
Let l be (-2 + 1)/((-1)/5). Suppose -t - 51 = -l*q, -5*q = -q - 2*t - 36. What is the remainder when 32 is divided by q?
10
Suppose -58 = -2*j + 28. Calculate the remainder when j is divided by 24.
19
Suppose 50 = 2*f - 170. What is the remainder when f is divided by 38?
34
Suppose 7*d = 2*d + 10. Suppose 0 = -d*l + 13 + 29. Let k = -12 - -23. What is the remainder when l is divided by k?
10
Suppose -4*o = -0*o + 20. Let d(v) = -7*v - 6. Calculate the remainder when 56 is divided by d(o).
27
Suppose -486 = -5*u - 46. Suppose -540 = -t - 17*t. Calculate the remainder when u is divided by t.
28
Suppose 0 = o + 4*h - 1, -h = -5*o + 26. Let l(u) = 2*u + 11. What is the remainder when 40 is divided by l(o)?
19
Suppose 5*g - 33 - 32 = -5*f, -g - 2*f + 10 = 0. Let o = 66 - 36. Calculate the remainder when o is divided by g.
14
Let h = 6 - 1. Suppose -h*n = -n - 36. Let b(s) = 26*s**2 - 1. What is the remainder when b(-1) is divided by n?
7
What is the remainder when 35 is divided by ((-3)/9)/((-1)/57)?
16
Suppose -3*b = -2*b - 139. Suppose 3*p - b = -4*x, -147 = -3*p - 2*x + 2. What is the remainder when p is divided by 18?
17
What is the remainder when 7 is divided by (-6)/(-27) + (-4 - 122/(-18))?
1
Let c(k) = 3*k + 10. Let a be 3/((-15)/(-2))*-5. What is the remainder when c(7) is divided by ((-1)/a)/((-2)/(-64))?
15
Let m(z) = -2*z - 7. Let f(q) = 2*q**2 - 2*q + 1. Suppose 2*b + 5*c - 6 = 0, -4*b - c - 8 = b. Calculate the remainder when f(b) is divided by m(-7).
6
Let x(n) = n**3 + 8*n**2 + 5*n - 6. Suppose -9 = 2*b - 0*u + 5*u, 3*u = -5*b - 32. Calculate the remainder when 21 is divided by x(b).
5
Suppose r + 1 = -4*q, 0*r + 3*r - 25 = -5*q. Suppose 12 = -17*n + 964. What is the remainder when n is divided by r?
11
Suppose -2*v + 158 = 44. Calculate the remainder when v is divided by 10.
7
Let b = -12 + 19. Let k be 1/(((-12)/(-9))/(-4)). Let d = k + b. Calculate the remainder when 7 is divided by d.
3
Suppose -2*w - 12 = -3*w. What is the remainder when 57 is divided by w?
9
Let k(x) = x**2 - 15*x + 6. Let n(y) = -y. Let a(u) = -k(u) + 4*n(u). Let l = 5 + 0. What is the remainder when a(l) is divided by 13?
11
Let a = -16 + 29. Let o(i) = a*i**2 - 4*i + i - 3*i**2 + 3. Calculate the remainder when o(2) is divided by 13.
11
Calculate the remainder when 105 is divided by 2/3*-3 - 16/(-2).
3
What is the remainder when 40 is divided by (33/12)/(3/12)?
7
Suppose y - 54 = -4*d, -2*d - 68 = -y - y. Calculate the remainder when y is divided by 10.
8
Suppose l + 14 = 35. Suppose 0 = -4*c - 3*a + 14, 3*c - 2 = c - 4*a. Suppose c*w = -32 + 337. What is the remainder when w is divided by l?
19
Suppose -k - 10 = -2*k. Let m(y) = y**2 - 9*y - 7. What is the remainder when 7 is divided by m(k)?
1
Suppose 3*g + 4 - 10 = 0. Suppose g*m - 14 = 2*p, 3*m + 1 = -p + 2. Suppose -m*b - 2*b + 44 = 0. Calculate the remainder when 20 is divided by b.
9
Suppose 0*w + 3*f = -3*w + 369, -2*w + 256 = 4*f. Calculate the remainder when w is divided by 30.
28
Suppose -10*z + 6*z = 132. Let x = z + 65. What is the remainder when x is divided by 11?
10
Let r be (47/(-3))/(9/27). Let k = r - -117. What is the remainder when k is divided by 18?
16
What is the remainder when ((-42)/(-5))/(1/5) is divided by 15?
12
Suppose -d + 0 = -4*t - 5, -d - t + 5 = 0. Suppose w + 19 = 2*w + y, -2*w + d*y = -31. Calculate the remainder when 69 is divided by w.
15
Suppose 0 = 5*w + 2*p - 39, 4*w = p + 57 - 18. Let l(g) = g**2 - 8*g + 4. Calculate the remainder when 38 is divided by l(w).
12
Suppose -9 = -b - 1. Let m be ((-10)/6)/((-1)/3). Suppose -m*y + 2 = -b. What is the remainder when 5 is divided by y?
1
Suppose 7 = -2*c + 19. Let s = -37 + 59. Calculate the remainder when s is divided by c.
4
Suppose 37 = 3*h + 7. Suppose -2*k = 6 + h. Let f = 4 - k. What is the remainder when 35 is divided by f?
11
Suppose -6*s = -s - 30. Suppose -7*u + 68 = -3*u. Calculate the remainder when u is divided by s.
5
Suppose u - 10 + 3 = 0. Suppose -8*x + u*x = -2. Suppose x*m = 4 + 8. What is the remainder when 15 is divided by m?
3
Let j(a) = -a - 5. Let o be 8/(-12) - (-16)/(-3). Let p be j(o). Suppose -t + 3 + p = 0. Calculate the remainder when 6 is divided by t.
2
Suppose 2*r = -r - n + 51, 3*r = 3*n + 51. Suppose 0 = -5*b + 4*a + 194 + 44, -215 = -4*b - 5*a. What is the remainder when b is divided by r?
16
Suppose -b + 58 = 5*i, -b + 3*i - i + 44 = 0. Let o = 70 - b. What is the remainder when 86 is divided by o?
20
Suppose 0*t + 8 = -t - 4*b, -7 = 2*t + 5*b. Suppose 3*k = -2*j + 6, -2*j = -0*j + t*k - 4. Calculate the remainder when (8/(-6))/((-4)/48) is divided by j.
4
Suppose -x = 2*l - 18, -3*l + 7*l - 5*x - 22 = 0. What is the remainder when 13 is divided by l?
5
Suppose -g = -3*g - 78. Let d = 22 - 12. Calculate the remainder when (-12)/(-2)*g/(-6) is divided by d.
9
What is the remainder when 117 is divided by ((-424)/7)/(-2) - 16/56?
27
Suppose -4*g = -g + 4*o + 8, -3*o - 15 = 0. Suppose -g - 8 = -3*a. Let k(s) = 7*s + 1. Calculate the remainder when k(2) is divided by a.
3
Le